{"id":950,"date":"2025-03-06T12:07:21","date_gmt":"2025-03-06T12:07:21","guid":{"rendered":"https:\/\/xn--loppebrn-deluxe-bub.dk\/?post_type=product&#038;p=950"},"modified":"2025-03-07T11:47:31","modified_gmt":"2025-03-07T11:47:31","slug":"2-pak-stofbleer-i-oekologisk-muslin-groen","status":"publish","type":"product","link":"https:\/\/xn--loppebrn-deluxe-bub.dk\/index.php\/vare\/2-pak-stofbleer-i-oekologisk-muslin-groen\/","title":{"rendered":"2-pak stofbleer i \u00f8kologisk muslin, gr\u00f8n"},"content":{"rendered":"<p>2-pak musselingstofbleer fra Natruba er ekstra bl\u00f8de, praktiske og gode til flere form\u00e5l; amning, spisning, putning og p\u00e5 farten. Hver 2-pak indeholder 1 printet stofble og en uden print. Fremstillet i 100% \u00f8kologisk bomuld. Vaskeanvisning: Vaskes ved 30 C.<\/p>\n","protected":false},"excerpt":{"rendered":"<p>2-pak musselingstofbleer fra Natruba er ekstra bl\u00f8de, praktiske og gode til flere form\u00e5l; amning, spisning, putning og p\u00e5 farten. Hver 2-pak indeholder 1 printet stofble og en uden print. Fremstillet i 100% \u00f8kologisk bomuld. Vaskeanvisning: Vaskes ved 30 C.<\/p>\n","protected":false},"featured_media":955,"comment_status":"open","ping_status":"closed","template":"","meta":{"inline_featured_image":false,"neve_meta_sidebar":"","neve_meta_container":"","neve_meta_enable_content_width":"off","neve_meta_content_width":100,"neve_meta_title_alignment":"","neve_meta_author_avatar":"","neve_post_elements_order":"","neve_meta_disable_header":"","neve_meta_disable_footer":"","neve_meta_disable_title":""},"product_brand":[],"product_cat":[22],"product_tag":[35,21,34],"class_list":{"0":"post-950","1":"product","2":"type-product","3":"status-publish","4":"has-post-thumbnail","6":"product_cat-natruba-bideringe","7":"product_tag-muslin","8":"product_tag-natruba","9":"product_tag-stofbleer","11":"first","12":"instock","13":"shipping-taxable","14":"purchasable","15":"product-type-simple"},"yoast_head":"<!-- This site is optimized with the Yoast SEO plugin v27.5 - https:\/\/yoast.com\/product\/yoast-seo-wordpress\/ -->\n<title>2-pak stofbleer i \u00f8kologisk muslin, gr\u00f8n - Loppeb\u00f8rn Deluxe<\/title>\n<meta name=\"description\" content=\"2-pak musselingstofbleer fra Natruba er ekstra bl\u00f8de, praktiske og gode til flere form\u00e5l; amning, spisning, putning og p\u00e5 farten. Hver 2-pak indeholder 1 printet stofble og en uden print. Fremstillet i 100% \u00f8kologisk bomuld. Vaskeanvisning: Vaskes ved 30 C.\" \/>\n<meta name=\"robots\" content=\"index, follow, max-snippet:-1, max-image-preview:large, max-video-preview:-1\" \/>\n<link rel=\"canonical\" href=\"https:\/\/xn--loppebrn-deluxe-bub.dk\/index.php\/vare\/2-pak-stofbleer-i-oekologisk-muslin-groen\/\" \/>\n<meta property=\"og:locale\" content=\"da_DK\" \/>\n<meta property=\"og:type\" content=\"article\" \/>\n<meta property=\"og:title\" content=\"2-pak stofbleer i \u00f8kologisk muslin, gr\u00f8n - Loppeb\u00f8rn Deluxe\" \/>\n<meta property=\"og:description\" content=\"2-pak musselingstofbleer fra Natruba er ekstra bl\u00f8de, praktiske og gode til flere form\u00e5l; amning, spisning, putning og p\u00e5 farten. Hver 2-pak indeholder 1 printet stofble og en uden print. Fremstillet i 100% \u00f8kologisk bomuld. Vaskeanvisning: Vaskes ved 30 C.\" \/>\n<meta property=\"og:url\" content=\"https:\/\/xn--loppebrn-deluxe-bub.dk\/index.php\/vare\/2-pak-stofbleer-i-oekologisk-muslin-groen\/\" \/>\n<meta property=\"og:site_name\" content=\"Loppeb\u00f8rn Deluxe\" \/>\n<meta property=\"article:publisher\" content=\"https:\/\/www.facebook.com\/search\/top?q=loppebrn-deluxe\" \/>\n<meta property=\"article:modified_time\" content=\"2025-03-07T11:47:31+00:00\" \/>\n<meta property=\"og:image\" content=\"https:\/\/xn--loppebrn-deluxe-bub.dk\/wp-content\/uploads\/2025\/03\/Natruba-2-pack-muslin-cloths-Green.png\" \/>\n\t<meta property=\"og:image:width\" content=\"2048\" \/>\n\t<meta property=\"og:image:height\" content=\"2048\" \/>\n\t<meta property=\"og:image:type\" content=\"image\/png\" \/>\n<meta name=\"twitter:card\" content=\"summary_large_image\" \/>\n<meta name=\"twitter:label1\" content=\"Estimeret l\u00e6setid\" \/>\n\t<meta name=\"twitter:data1\" content=\"1 minut\" \/>\n<script type=\"application\/ld+json\" class=\"yoast-schema-graph\">{\"@context\":\"https:\\\/\\\/schema.org\",\"@graph\":[{\"@type\":\"WebPage\",\"@id\":\"https:\\\/\\\/xn--loppebrn-deluxe-bub.dk\\\/index.php\\\/vare\\\/2-pak-stofbleer-i-oekologisk-muslin-groen\\\/\",\"url\":\"https:\\\/\\\/xn--loppebrn-deluxe-bub.dk\\\/index.php\\\/vare\\\/2-pak-stofbleer-i-oekologisk-muslin-groen\\\/\",\"name\":\"2-pak stofbleer i \u00f8kologisk muslin, gr\u00f8n - Loppeb\u00f8rn Deluxe\",\"isPartOf\":{\"@id\":\"https:\\\/\\\/xn--loppebrn-deluxe-bub.dk\\\/#website\"},\"primaryImageOfPage\":{\"@id\":\"https:\\\/\\\/xn--loppebrn-deluxe-bub.dk\\\/index.php\\\/vare\\\/2-pak-stofbleer-i-oekologisk-muslin-groen\\\/#primaryimage\"},\"image\":{\"@id\":\"https:\\\/\\\/xn--loppebrn-deluxe-bub.dk\\\/index.php\\\/vare\\\/2-pak-stofbleer-i-oekologisk-muslin-groen\\\/#primaryimage\"},\"thumbnailUrl\":\"https:\\\/\\\/xn--loppebrn-deluxe-bub.dk\\\/wp-content\\\/uploads\\\/2025\\\/03\\\/Natruba-2-pack-muslin-cloths-Green.png\",\"datePublished\":\"2025-03-06T12:07:21+00:00\",\"dateModified\":\"2025-03-07T11:47:31+00:00\",\"description\":\"2-pak musselingstofbleer fra Natruba er ekstra bl\u00f8de, praktiske og gode til flere form\u00e5l; amning, spisning, putning og p\u00e5 farten. Hver 2-pak indeholder 1 printet stofble og en uden print. Fremstillet i 100% \u00f8kologisk bomuld. Vaskeanvisning: Vaskes ved 30 C.\",\"breadcrumb\":{\"@id\":\"https:\\\/\\\/xn--loppebrn-deluxe-bub.dk\\\/index.php\\\/vare\\\/2-pak-stofbleer-i-oekologisk-muslin-groen\\\/#breadcrumb\"},\"inLanguage\":\"da-DK\",\"potentialAction\":[{\"@type\":\"ReadAction\",\"target\":[\"https:\\\/\\\/xn--loppebrn-deluxe-bub.dk\\\/index.php\\\/vare\\\/2-pak-stofbleer-i-oekologisk-muslin-groen\\\/\"]}]},{\"@type\":\"ImageObject\",\"inLanguage\":\"da-DK\",\"@id\":\"https:\\\/\\\/xn--loppebrn-deluxe-bub.dk\\\/index.php\\\/vare\\\/2-pak-stofbleer-i-oekologisk-muslin-groen\\\/#primaryimage\",\"url\":\"https:\\\/\\\/xn--loppebrn-deluxe-bub.dk\\\/wp-content\\\/uploads\\\/2025\\\/03\\\/Natruba-2-pack-muslin-cloths-Green.png\",\"contentUrl\":\"https:\\\/\\\/xn--loppebrn-deluxe-bub.dk\\\/wp-content\\\/uploads\\\/2025\\\/03\\\/Natruba-2-pack-muslin-cloths-Green.png\",\"width\":2048,\"height\":2048},{\"@type\":\"BreadcrumbList\",\"@id\":\"https:\\\/\\\/xn--loppebrn-deluxe-bub.dk\\\/index.php\\\/vare\\\/2-pak-stofbleer-i-oekologisk-muslin-groen\\\/#breadcrumb\",\"itemListElement\":[{\"@type\":\"ListItem\",\"position\":1,\"name\":\"Hjem\",\"item\":\"https:\\\/\\\/xn--loppebrn-deluxe-bub.dk\\\/\"},{\"@type\":\"ListItem\",\"position\":2,\"name\":\"Shop\",\"item\":\"https:\\\/\\\/xn--loppebrn-deluxe-bub.dk\\\/index.php\\\/shop\\\/\"},{\"@type\":\"ListItem\",\"position\":3,\"name\":\"2-pak stofbleer i \u00f8kologisk muslin, gr\u00f8n\"}]},{\"@type\":\"WebSite\",\"@id\":\"https:\\\/\\\/xn--loppebrn-deluxe-bub.dk\\\/#website\",\"url\":\"https:\\\/\\\/xn--loppebrn-deluxe-bub.dk\\\/\",\"name\":\"Loppeb\u00f8rn Deluxe\",\"description\":\"B\u00e6redygtig b\u00f8rnet\u00f8jsbutik i Odder - Book en stand eller k\u00f8b billigt b\u00f8rnet\u00f8j\",\"publisher\":{\"@id\":\"https:\\\/\\\/xn--loppebrn-deluxe-bub.dk\\\/#organization\"},\"potentialAction\":[{\"@type\":\"SearchAction\",\"target\":{\"@type\":\"EntryPoint\",\"urlTemplate\":\"https:\\\/\\\/xn--loppebrn-deluxe-bub.dk\\\/?s={search_term_string}\"},\"query-input\":{\"@type\":\"PropertyValueSpecification\",\"valueRequired\":true,\"valueName\":\"search_term_string\"}}],\"inLanguage\":\"da-DK\"},{\"@type\":\"Organization\",\"@id\":\"https:\\\/\\\/xn--loppebrn-deluxe-bub.dk\\\/#organization\",\"name\":\"Loppeb\u00f8rn Deluxe\",\"url\":\"https:\\\/\\\/xn--loppebrn-deluxe-bub.dk\\\/\",\"logo\":{\"@type\":\"ImageObject\",\"inLanguage\":\"da-DK\",\"@id\":\"https:\\\/\\\/xn--loppebrn-deluxe-bub.dk\\\/#\\\/schema\\\/logo\\\/image\\\/\",\"url\":\"https:\\\/\\\/xn--loppebrn-deluxe-bub.dk\\\/wp-content\\\/uploads\\\/2023\\\/01\\\/cropped-Logo-2.png\",\"contentUrl\":\"https:\\\/\\\/xn--loppebrn-deluxe-bub.dk\\\/wp-content\\\/uploads\\\/2023\\\/01\\\/cropped-Logo-2.png\",\"width\":500,\"height\":274,\"caption\":\"Loppeb\u00f8rn Deluxe\"},\"image\":{\"@id\":\"https:\\\/\\\/xn--loppebrn-deluxe-bub.dk\\\/#\\\/schema\\\/logo\\\/image\\\/\"},\"sameAs\":[\"https:\\\/\\\/www.facebook.com\\\/search\\\/top?q=loppebrn-deluxe\",\"https:\\\/\\\/www.instagram.com\\\/p\\\/Cp2KXyhDXiL\\\/?utm_source=ig_web_copy_link\"]}]}<\/script>\n<!-- \/ Yoast SEO plugin. -->","yoast_head_json":{"title":"2-pak stofbleer i \u00f8kologisk muslin, gr\u00f8n - Loppeb\u00f8rn Deluxe","description":"2-pak musselingstofbleer fra Natruba er ekstra bl\u00f8de, praktiske og gode til flere form\u00e5l; amning, spisning, putning og p\u00e5 farten. Hver 2-pak indeholder 1 printet stofble og en uden print. Fremstillet i 100% \u00f8kologisk bomuld. Vaskeanvisning: Vaskes ved 30 C.","robots":{"index":"index","follow":"follow","max-snippet":"max-snippet:-1","max-image-preview":"max-image-preview:large","max-video-preview":"max-video-preview:-1"},"canonical":"https:\/\/xn--loppebrn-deluxe-bub.dk\/index.php\/vare\/2-pak-stofbleer-i-oekologisk-muslin-groen\/","og_locale":"da_DK","og_type":"article","og_title":"2-pak stofbleer i \u00f8kologisk muslin, gr\u00f8n - Loppeb\u00f8rn Deluxe","og_description":"2-pak musselingstofbleer fra Natruba er ekstra bl\u00f8de, praktiske og gode til flere form\u00e5l; amning, spisning, putning og p\u00e5 farten. Hver 2-pak indeholder 1 printet stofble og en uden print. Fremstillet i 100% \u00f8kologisk bomuld. Vaskeanvisning: Vaskes ved 30 C.","og_url":"https:\/\/xn--loppebrn-deluxe-bub.dk\/index.php\/vare\/2-pak-stofbleer-i-oekologisk-muslin-groen\/","og_site_name":"Loppeb\u00f8rn Deluxe","article_publisher":"https:\/\/www.facebook.com\/search\/top?q=loppebrn-deluxe","article_modified_time":"2025-03-07T11:47:31+00:00","og_image":[{"width":2048,"height":2048,"url":"https:\/\/xn--loppebrn-deluxe-bub.dk\/wp-content\/uploads\/2025\/03\/Natruba-2-pack-muslin-cloths-Green.png","type":"image\/png"}],"twitter_card":"summary_large_image","twitter_misc":{"Estimeret l\u00e6setid":"1 minut"},"schema":{"@context":"https:\/\/schema.org","@graph":[{"@type":"WebPage","@id":"https:\/\/xn--loppebrn-deluxe-bub.dk\/index.php\/vare\/2-pak-stofbleer-i-oekologisk-muslin-groen\/","url":"https:\/\/xn--loppebrn-deluxe-bub.dk\/index.php\/vare\/2-pak-stofbleer-i-oekologisk-muslin-groen\/","name":"2-pak stofbleer i \u00f8kologisk muslin, gr\u00f8n - Loppeb\u00f8rn Deluxe","isPartOf":{"@id":"https:\/\/xn--loppebrn-deluxe-bub.dk\/#website"},"primaryImageOfPage":{"@id":"https:\/\/xn--loppebrn-deluxe-bub.dk\/index.php\/vare\/2-pak-stofbleer-i-oekologisk-muslin-groen\/#primaryimage"},"image":{"@id":"https:\/\/xn--loppebrn-deluxe-bub.dk\/index.php\/vare\/2-pak-stofbleer-i-oekologisk-muslin-groen\/#primaryimage"},"thumbnailUrl":"https:\/\/xn--loppebrn-deluxe-bub.dk\/wp-content\/uploads\/2025\/03\/Natruba-2-pack-muslin-cloths-Green.png","datePublished":"2025-03-06T12:07:21+00:00","dateModified":"2025-03-07T11:47:31+00:00","description":"2-pak musselingstofbleer fra Natruba er ekstra bl\u00f8de, praktiske og gode til flere form\u00e5l; amning, spisning, putning og p\u00e5 farten. Hver 2-pak indeholder 1 printet stofble og en uden print. Fremstillet i 100% \u00f8kologisk bomuld. Vaskeanvisning: Vaskes ved 30 C.","breadcrumb":{"@id":"https:\/\/xn--loppebrn-deluxe-bub.dk\/index.php\/vare\/2-pak-stofbleer-i-oekologisk-muslin-groen\/#breadcrumb"},"inLanguage":"da-DK","potentialAction":[{"@type":"ReadAction","target":["https:\/\/xn--loppebrn-deluxe-bub.dk\/index.php\/vare\/2-pak-stofbleer-i-oekologisk-muslin-groen\/"]}]},{"@type":"ImageObject","inLanguage":"da-DK","@id":"https:\/\/xn--loppebrn-deluxe-bub.dk\/index.php\/vare\/2-pak-stofbleer-i-oekologisk-muslin-groen\/#primaryimage","url":"https:\/\/xn--loppebrn-deluxe-bub.dk\/wp-content\/uploads\/2025\/03\/Natruba-2-pack-muslin-cloths-Green.png","contentUrl":"https:\/\/xn--loppebrn-deluxe-bub.dk\/wp-content\/uploads\/2025\/03\/Natruba-2-pack-muslin-cloths-Green.png","width":2048,"height":2048},{"@type":"BreadcrumbList","@id":"https:\/\/xn--loppebrn-deluxe-bub.dk\/index.php\/vare\/2-pak-stofbleer-i-oekologisk-muslin-groen\/#breadcrumb","itemListElement":[{"@type":"ListItem","position":1,"name":"Hjem","item":"https:\/\/xn--loppebrn-deluxe-bub.dk\/"},{"@type":"ListItem","position":2,"name":"Shop","item":"https:\/\/xn--loppebrn-deluxe-bub.dk\/index.php\/shop\/"},{"@type":"ListItem","position":3,"name":"2-pak stofbleer i \u00f8kologisk muslin, gr\u00f8n"}]},{"@type":"WebSite","@id":"https:\/\/xn--loppebrn-deluxe-bub.dk\/#website","url":"https:\/\/xn--loppebrn-deluxe-bub.dk\/","name":"Loppeb\u00f8rn Deluxe","description":"B\u00e6redygtig b\u00f8rnet\u00f8jsbutik i Odder - Book en stand eller k\u00f8b billigt b\u00f8rnet\u00f8j","publisher":{"@id":"https:\/\/xn--loppebrn-deluxe-bub.dk\/#organization"},"potentialAction":[{"@type":"SearchAction","target":{"@type":"EntryPoint","urlTemplate":"https:\/\/xn--loppebrn-deluxe-bub.dk\/?s={search_term_string}"},"query-input":{"@type":"PropertyValueSpecification","valueRequired":true,"valueName":"search_term_string"}}],"inLanguage":"da-DK"},{"@type":"Organization","@id":"https:\/\/xn--loppebrn-deluxe-bub.dk\/#organization","name":"Loppeb\u00f8rn Deluxe","url":"https:\/\/xn--loppebrn-deluxe-bub.dk\/","logo":{"@type":"ImageObject","inLanguage":"da-DK","@id":"https:\/\/xn--loppebrn-deluxe-bub.dk\/#\/schema\/logo\/image\/","url":"https:\/\/xn--loppebrn-deluxe-bub.dk\/wp-content\/uploads\/2023\/01\/cropped-Logo-2.png","contentUrl":"https:\/\/xn--loppebrn-deluxe-bub.dk\/wp-content\/uploads\/2023\/01\/cropped-Logo-2.png","width":500,"height":274,"caption":"Loppeb\u00f8rn Deluxe"},"image":{"@id":"https:\/\/xn--loppebrn-deluxe-bub.dk\/#\/schema\/logo\/image\/"},"sameAs":["https:\/\/www.facebook.com\/search\/top?q=loppebrn-deluxe","https:\/\/www.instagram.com\/p\/Cp2KXyhDXiL\/?utm_source=ig_web_copy_link"]}]}},"_links":{"self":[{"href":"https:\/\/xn--loppebrn-deluxe-bub.dk\/index.php\/wp-json\/wp\/v2\/product\/950","targetHints":{"allow":["GET"]}}],"collection":[{"href":"https:\/\/xn--loppebrn-deluxe-bub.dk\/index.php\/wp-json\/wp\/v2\/product"}],"about":[{"href":"https:\/\/xn--loppebrn-deluxe-bub.dk\/index.php\/wp-json\/wp\/v2\/types\/product"}],"replies":[{"embeddable":true,"href":"https:\/\/xn--loppebrn-deluxe-bub.dk\/index.php\/wp-json\/wp\/v2\/comments?post=950"}],"wp:featuredmedia":[{"embeddable":true,"href":"https:\/\/xn--loppebrn-deluxe-bub.dk\/index.php\/wp-json\/wp\/v2\/media\/955"}],"wp:attachment":[{"href":"https:\/\/xn--loppebrn-deluxe-bub.dk\/index.php\/wp-json\/wp\/v2\/media?parent=950"}],"wp:term":[{"taxonomy":"product_brand","embeddable":true,"href":"https:\/\/xn--loppebrn-deluxe-bub.dk\/index.php\/wp-json\/wp\/v2\/product_brand?post=950"},{"taxonomy":"product_cat","embeddable":true,"href":"https:\/\/xn--loppebrn-deluxe-bub.dk\/index.php\/wp-json\/wp\/v2\/product_cat?post=950"},{"taxonomy":"product_tag","embeddable":true,"href":"https:\/\/xn--loppebrn-deluxe-bub.dk\/index.php\/wp-json\/wp\/v2\/product_tag?post=950"}],"curies":[{"name":"wp","href":"https:\/\/api.w.org\/{rel}","templated":true}]}}